er when 2780193 is divided by 124.
113
What is the remainder when 9662538 is divided by 4?
2
Calculate the remainder when 2247659 is divided by 1659.
1373
What is the remainder when 78997 is divided by 403?
9
Calculate the remainder when 37994 is divided by 5367.
425
What is the remainder when 28375 is divided by 2042?
1829
Calculate the remainder when 40052275 is divided by 14.
11
Calculate the remainder when 4935373 is divided by 616917.
37
Calculate the remainder when 54020726 is divided by 8.
6
What is the remainder when 180760 is divided by 15019?
532
What is the remainder when 1527153 is divided by 381786?
9
Calculate the remainder when 44759190 is divided by 44759190.
0
What is the remainder when 1696760 is divided by 3729?
65
Calculate the remainder when 8481668 is divided by 4240824.
20
What is the remainder when 63985 is divided by 63899?
86
What is the remainder when 1293866347 is divided by 422?
421
Calculate the remainder when 10348 is divided by 10294.
54
Calculate the remainder when 3339660 is divided by 1838.
14
Calculate the remainder when 2708744 is divided by 3.
2
Calculate the remainder when 169879 is divided by 4853.
24
Calculate the remainder when 61741 is divided by 1579.
160
Calculate the remainder when 616026 is divided by 47380.
86
Calculate the remainder when 66591249 is divided by 250343.
11
Calculate the remainder when 122926 is divided by 9315.
1831
Calculate the remainder when 761368 is divided by 4884.
4348
Calculate the remainder when 2800726 is divided by 466783.
28
Calculate the remainder when 644981647 is divided by 10709.
10704
Calculate the remainder when 3374879 is divided by 8292.
35
Calculate the remainder when 19577945 is divided by 68.
65
What is the remainder when 361074 is divided by 3575?
3574
Calculate the remainder when 23006909 is divided by 1338.
1337
What is the remainder when 66878916 is divided by 161?
160
What is the remainder when 114878 is divided by 56742?
1394
Calculate the remainder when 157763 is divided by 78434.
895
What is the remainder when 152363 is divided by 49243?
4634
Calculate the remainder when 678527 is divided by 75330.
557
Calculate the remainder when 307587 is divided by 307450.
137
What is the remainder when 40948944 is divided by 1983?
1977
What is the remainder when 469375 is divided by 229?
154
Calculate the remainder when 6013005 is divided by 6012884.
121
Calculate the remainder when 2616055 is divided by 4056.
3991
What is the remainder when 72306616 is divided by 4343?
9
Calculate the remainder when 78672329 is divided by 278.
275
What is the remainder when 46947541 is divided by 82?
81
Calculate the remainder when 7231270 is divided by 1122.
1102
What is the remainder when 539631 is divided by 246?
153
What is the remainder when 23189 is divided by 3330?
3209
What is the remainder when 6423563 is divided by 467?
445
Calculate the remainder when 3422536 is divided by 987.
607
Calculate the remainder when 7447217 is divided by 13.
11
Calculate the remainder when 2320873 is divided by 91.
9
What is the remainder when 28726328 is divided by 37?
9
What is the remainder when 3649 is divided by 1288?
1073
What is the remainder when 2008363 is divided by 1590?
193
Calculate the remainder when 4625713 is divided by 55068.
1
What is the remainder when 179717 is divided by 174181?
5536
Calculate the remainder when 212951 is divided by 1217.
1193
Calculate the remainder when 33691 is divided by 7112.
5243
Calculate the remainder when 1914629 is divided by 239260.
549
What is the remainder when 520208512 is divided by 86701418?
4
What is the remainder when 61774 is divided by 128?
78
What is the remainder when 4294694 is divided by 145?
84
Calculate the remainder when 163369 is divided by 479.
30
Calculate the remainder when 14028999 is divided by 309.
90
Calculate the remainder when 30312998 is divided by 221.
196
Calculate the remainder when 131938 is divided by 127418.
4520
What is the remainder when 68279726 is divided by 190?
186
What is the remainder when 296019419 is divided by 1293?
1292
Calculate the remainder when 12926973 is divided by 104.
85
What is the remainder when 17797 is divided by 14780?
3017
Calculate the remainder when 495586 is divided by 38.
28
What is the remainder when 826861 is divided by 72?
13
What is the remainder when 141112 is divided by 2008?
552
Calculate the remainder when 47938812 is divided by 84.
12
Calculate the remainder when 444332 is divided by 11012.
3852
What is the remainder when 35271 is divided by 1006?
61
Calculate the remainder when 1070256 is divided by 154.
110
What is the remainder when 4631580 is divided by 926?
654
What is the remainder when 154460623 is divided by 1189?
11
Calculate the remainder when 7339846 is divided by 2968.
2950
What is the remainder when 383393 is divided by 95721?
509
Calculate the remainder when 6653460 is divided by 229429.
19
What is the remainder when 133731998 is divided by 8549?
8540
What is the remainder when 7378029 is divided by 222?
81
What is the remainder when 9272450 is divided by 118?
10
What is the remainder when 2447952 is divided by 489517?
367
Calculate the remainder when 25546789 is divided by 1491.
1486
Calculate the remainder when 4096647 is divided by 22386.
9
Calculate the remainder when 16021801 is divided by 2341.
2338
Calculate the remainder when 3142761 is divided by 5300.
5161
Calculate the remainder when 8655539 is divided by 2885172.
23
Calculate the remainder when 2073811 is divided by 691249.
64
What is the remainder when 3488685042 is divided by 15?
12
Calculate the remainder when 1587596 is divided by 3385.
31
Calculate the remainder when 220916 is divided by 44055.
641
What is the remainder when 169386 is divided by 13028?
22
Calculate the remainder when 9800132 is divided by 1316.
1196
What is the remainder when 299365 is divided by 161?
66
What is the remainder when 77112 is divided by 15117?
1527
What is the remainder when 590092 is divided by 193954?
8230
What is the remainder when 29651721 is divided by 4742?
4737
What is the remainder when 43301 is divided by 1743?
1469
What is the remainder when 89338 is divided by 5596?
5398
What is the remainder when 30817 is divided by 669?
43
What is the remainder when 1268192 is divided by 2384?
2288
Calculate the remainder when 167743 is divided by 6742.
5935
What is the remainder when 838941 is divided by 13523?
515
What is the remainder when 2201876 is divided by 733955?
11
What is the remainder when 49573 is divided by 468?
433
Calculate the remainder when 25645176 is divided by 23.
15
What is the remainder when 423997878 is divided by 10241?
10237
Calculate the remainder when 478353 is divided by 90.
3
Calculate the remainder when 66178 is divided by 62348.
3830
What is the remainder when 10688518 is divided by 3010?
8
Calculate the remainder when 723756 is divided by 241214.
114
Calculate the remainder when 4284872 is divided by 4284768.
104
What is the remainder when 537582 is divided by 3657?
3
Calculate the remainder when 19014486 is divided by 341.
326
What is the remainder when 205889 is divided by 580?
569
Calculate the remainder when 261849 is divided by 83.
67
What is the remainder when 145733 is divided by 145700?
33
Calculate the remainder when 753734 is divided by 188423.
42
Calculate the remainder when 7170594 is divided by 237.
159
What is the remainder when 1380133 is divided by 32?
5
Calculate the remainder when 592061193 is divided by 1961.
1956
What is the remainder when 8518982 is divided by 2181?
2177
What is the remainder when 28234 is divided by 1180?
1094
What is the remainder when 996854 is divided by 274?
42
Calculate the remainder when 594247 is divided by 5079.
4
What is the remainder when 111779 is divided by 26917?
4111
Calculate the remainder when 191747 is divided by 5297.
1055
What is the remainder when 21043898 is divided by 3512?
3506
What is the remainder when 4663427 is divided by 49?
48
Calculate the remainder when 26401406 is divided by 704.
702
Calculate the remainder when 10076363 is divided by 202.
199
Calculate the remainder when 234731 is divided by 9507.
6563
What is the remainder when 3567887 is divided by 13670?
17
Calculate the remainder when 441590 is divided 